18 and 783.
9
What is the highest common divisor of 14230 and 10?
10
Calculate the greatest common divisor of 30 and 1194.
6
Calculate the greatest common factor of 30 and 310.
10
What is the greatest common factor of 15 and 12?
3
What is the greatest common divisor of 9 and 39?
3
Calculate the greatest common divisor of 16 and 32.
16
What is the greatest common divisor of 121 and 11?
11
Calculate the greatest common divisor of 728 and 39.
13
What is the highest common divisor of 126 and 28?
14
What is the greatest common factor of 393 and 5371?
131
What is the highest common factor of 300 and 84?
12
Calculate the greatest common factor of 52 and 1963.
13
Calculate the greatest common factor of 88 and 72.
8
What is the highest common factor of 10 and 190?
10
What is the highest common factor of 14 and 238?
14
What is the highest common factor of 5017 and 261?
29
What is the highest common divisor of 1104 and 46?
46
Calculate the highest common divisor of 129 and 3612.
129
Calculate the highest common factor of 648 and 810.
162
Calculate the highest common factor of 768 and 24.
24
Calculate the greatest common divisor of 638 and 22.
22
Calculate the highest common factor of 616 and 88.
88
Calculate the greatest common divisor of 110 and 30.
10
Calculate the highest common divisor of 34 and 323.
17
Calculate the highest common factor of 9630 and 90.
90
What is the greatest common factor of 2924 and 16?
4
Calculate the highest common factor of 4004 and 99.
11
Calculate the highest common factor of 358 and 24523.
179
What is the greatest common factor of 80 and 16?
16
What is the greatest common divisor of 156 and 72?
12
Calculate the highest common divisor of 31 and 11284.
31
Calculate the highest common divisor of 440 and 40.
40
Calculate the highest common divisor of 74 and 518.
74
What is the greatest common factor of 384 and 864?
96
Calculate the greatest common factor of 704 and 66.
22
What is the highest common factor of 169 and 5239?
169
Calculate the greatest common factor of 10 and 30.
10
Calculate the greatest common divisor of 1182 and 18.
6
What is the highest common divisor of 66 and 33?
33
What is the highest common divisor of 1359 and 1057?
151
Calculate the highest common factor of 75 and 375.
75
Calculate the greatest common divisor of 42 and 6.
6
Calculate the greatest common factor of 110 and 11726.
22
What is the highest common divisor of 18 and 3858?
6
What is the highest common divisor of 207 and 99?
9
What is the greatest common divisor of 315 and 1932?
21
Calculate the greatest common factor of 765 and 45.
45
What is the highest common divisor of 345 and 138?
69
What is the greatest common factor of 31 and 589?
31
Calculate the highest common divisor of 6036 and 18.
6
What is the greatest common divisor of 162 and 1674?
54
Calculate the highest common divisor of 180 and 252.
36
Calculate the highest common factor of 356 and 89.
89
What is the greatest common divisor of 1125 and 315?
45
Calculate the highest common divisor of 5 and 160.
5
Calculate the greatest common factor of 964 and 28.
4
Calculate the greatest common divisor of 2001 and 1173.
69
What is the highest common factor of 98 and 70?
14
Calculate the highest common factor of 20 and 130.
10
What is the greatest common divisor of 30 and 12?
6
What is the highest common factor of 3321 and 41?
41
What is the highest common factor of 222 and 4551?
111
Calculate the greatest common divisor of 45 and 1476.
9
Calculate the highest common divisor of 300 and 465.
15
What is the greatest common factor of 41 and 1025?
41
What is the highest common factor of 113 and 49833?
113
What is the highest common divisor of 6 and 993?
3
Calculate the highest common factor of 462 and 21.
21
Calculate the highest common divisor of 21 and 201.
3
Calculate the greatest common factor of 649 and 59.
59
What is the highest common divisor of 1296 and 48?
48
What is the greatest common factor of 25 and 95?
5
What is the highest common divisor of 18 and 1494?
18
What is the highest common divisor of 759 and 1104?
69
What is the highest common factor of 48 and 256?
16
Calculate the highest common factor of 26 and 949.
13
Calculate the highest common divisor of 75 and 165.
15
Calculate the greatest common factor of 248 and 240.
8
What is the greatest common factor of 42 and 42?
42
Calculate the greatest common divisor of 201 and 4891.
67
Calculate the highest common divisor of 148 and 8621.
37
Calculate the highest common divisor of 87 and 3712.
29
Calculate the highest common divisor of 274 and 2.
2
What is the greatest common factor of 24 and 1032?
24
What is the highest common divisor of 600 and 825?
75
What is the greatest common factor of 150 and 75?
75
What is the highest common divisor of 13 and 8216?
13
Calculate the highest common factor of 344 and 8.
8
What is the greatest common factor of 182 and 10049?
13
Calculate the highest common factor of 354 and 59.
59
Calculate the greatest common factor of 80 and 60.
20
What is the greatest common factor of 7410 and 2730?
390
What is the highest common divisor of 114 and 95?
19
What is the greatest common divisor of 3208 and 16?
8
What is the highest common divisor of 12032 and 188?
188
What is the highest common factor of 551 and 29?
29
What is the greatest common factor of 16 and 1?
1
What is the highest common divisor of 42 and 22680?
42
What is the greatest common divisor of 46 and 5566?
46
Calculate the greatest common factor of 13737 and 114.
57
What is the greatest common factor of 54 and 23949?
27
Calculate the greatest common factor of 222 and 12.
6
Calculate the greatest common divisor of 38 and 21527.
19
Calculate the greatest common factor of 119 and 493.
17
What is the greatest common factor of 3875 and 625?
125
What is the greatest common divisor of 129 and 86?
43
What is the greatest common factor of 703 and 76?
19
What is the highest common divisor of 255 and 969?
51
Calculate the highest common divisor of 69 and 23.
23
Calculate the highest common factor of 476 and 28.
28
What is the greatest common factor of 3239 and 158?
79
What is the highest common divisor of 42 and 602?
14
What is the highest common divisor of 46 and 1817?
23
What is the highest common divisor of 84 and 28?
28
What is the highest common divisor of 600 and 1620?
60
Calculate the highest common divisor of 2225 and 89.
89
What is the greatest common factor of 16 and 52560?
16
What is the highest common factor of 369 and 27?
9
What is the highest common divisor of 2 and 6?
2
Calculate the greatest common factor of 57 and 2033.
19
What is the highest common factor of 1980 and 100?
20
Calculate the greatest common divisor of 572 and 11726.
286
Calculate the greatest common factor of 128 and 8.
8
What is the greatest common factor of 15160 and 40?
40
What is the greatest common divisor of 39 and 312?
39
What is the greatest common divisor of 243 and 1161?
27
Calculate the highest common divisor of 232 and 16.
8
What is the highest common factor of 32 and 400?
16
What is the greatest common divisor of 1659 and 21?
21
Calculate the highest common factor of 435 and 36.
3
What is the highest common divisor of 42 and 294?
42
What is the greatest common divisor of 190 and 1292?
38
Calculate the greatest common divisor of 270 and 12510.
90
Calculate the greatest common factor of 76 and 38.
38
What is the greatest common divisor of 46 and 1817?
23
What is the highest common divisor of 126 and 234?
18
Calculate the greatest common divisor of 221 and 731.
17
What is the greatest common factor of 9429 and 42?
21
What is the greatest common factor of 83 and 415?
83
Calculate the highest common factor of 234 and 1926.
18
Calculate the greatest common divisor of 230 and 92.
46
What is the greatest common factor of 98 and 21?
7
What is the greatest common divisor of 28 and 224?
28
What is the greatest common factor of 41 and 9?
1
What is the greatest common divisor of 36 and 16218?
18
What is the highest common divisor of 312 and 858?
78
Calculate the highest common divisor of 272 and 6392.
136
Calculate the highest common divisor of 319 and 22.
11
Calculate the highest common factor of 32 and 6.
2
Calculate the highest common divisor of 473 and 731.
43
Calculate the hig